42
Let m(j) = -j**2 - 14*j + 38. Give m(-16).
6
Let s(g) = g**3 - 12*g**2 - 8*g - 61. Calculate s(13).
4
Let p(t) = t**2 + 9*t + 12. Give p(-5).
-8
Let v(p) = -p**3 + 22*p**2 + 21*p + 51. Determine v(23).
5
Let w(i) = -14*i + 20. What is w(8)?
-92
Let l(f) = f + 48. Determine l(-6).
42
Let l(j) = 10*j**3 - 1. What is l(-1)?
-11
Let i(w) = -3*w**2 + 16*w + 5. Give i(5).
10
Let v(l) = l**2 + 12*l + 18. What is v(-9)?
-9
Let k(j) = -13*j - 74. Give k(-6).
4
Let j(h) = -14*h - 98. Determine j(-9).
28
Let y(c) = 25*c + 7. Determine y(-3).
-68
Let o(r) = -13*r + 249. Give o(19).
2
Let k(u) = -22*u + 3. Determine k(1).
-19
Let l(f) = 2*f**2 - 4*f - 4. Calculate l(-4).
44
Let v(b) = -14*b - 39. What is v(-3)?
3
Let z(u) = 18*u**3 + u - 3. Calculate z(2).
143
Let o(p) = 3*p - 10. Calculate o(-5).
-25
Let o(b) = -b - 36. Calculate o(-11).
-25
Let j(p) = p**3 - 12*p**2 - 16. Determine j(12).
-16
Let t(b) = -8*b - 65. Calculate t(-9).
7
Let a(l) = -l**2 + l + 5. What is a(5)?
-15
Let u(w) = w**3 + 10*w**2 + 22*w + 2. What is u(-4)?
10
Let s(g) = -19*g**2 - 2*g + 5. Calculate s(-3).
-160
Let t(u) = -u**3 + 16*u**2 - 13*u - 15. Determine t(15).
15
Let w(z) = z**3 - 4*z**2 + 3*z + 7. Give w(4).
19
Let f(m) = -2*m**3 + 54*m**2 - 2*m + 51. Calculate f(27).
-3
Let n(l) = 11*l + 2. Determine n(-1).
-9
Let i(f) = -8*f**2 + 5*f - 1. Give i(5).
-176
Let p(k) = k**3 - 9*k**2 + 7*k - 6. Determine p(8).
-14
Let y(f) = -f + 12. Determine y(16).
-4
Let z(q) = -q**3 - 3*q**2 + 4*q + 1. Calculate z(-4).
1
Let c(t) = -t**3 - 10*t**2 + t + 16. What is c(-10)?
6
Let r(i) = -i**2 + 9*i + 11. Calculate r(11).
-11
Let u(y) = y**3 - 4*y**2 - y + 11. Calculate u(4).
7
Let m(c) = -4*c**2 - 4*c + 3. Calculate m(1).
-5
Let h(t) = 35*t + 342. What is h(-10)?
-8
Let y(o) = -3*o + 66. Calculate y(24).
-6
Let i(y) = -4*y**2 - y + 1. Determine i(2).
-17
Let t(s) = 2*s**3 + 4*s**2 - 9*s - 42. Give t(-3).
-33
Let i(y) = -y**2 + 9*y + 66. Calculate i(14).
-4
Let c(k) = k**2 + 17*k + 74. Calculate c(-10).
4
Let d(t) = -t - 12. Determine d(6).
-18
Let t(p) = p**3 + 7*p**2 - 3*p + 23. Determine t(-8).
-17
Let m(g) = 28*g + 281. Determine m(-10).
1
Let u(i) = i**2 - 10*i + 9. Determine u(10).
9
Let f(w) = -2*w + 32. Determine f(12).
8
Let r(i) = i**3 + 14*i**2 + 5*i - 3. What is r(-13)?
101
Let b(w) = -2*w**2 - 59*w + 35. Calculate b(-30).
5
Let j(z) = z - 14. What is j(7)?
-7
Let i(g) = -30*g**2 - 7*g + 2. What is i(-2)?
-104
Let d(a) = -a**2 + 34*a - 146. Determine d(29).
-1
Let z(w) = -w**2 - 8*w - 7. Calculate z(-7).
0
Let z(h) = -5*h + 15. Calculate z(7).
-20
Let d(z) = -z**2 - 2*z + 1. Calculate d(-3).
-2
Let g(c) = -21*c + 62. Determine g(3).
-1
Let c(i) = -i**3 - 5*i**2 - 2*i - 7. Determine c(-6).
41
Let r(h) = 13*h + 2. What is r(2)?
28
Let v(j) = -18*j + 47. Give v(7).
-79
Let l(u) = 4*u - 27. Determine l(9).
9
Let c(o) = -2*o**2 + 16*o + 24. Give c(12).
-72
Let a(p) = p**2 + 32*p - 230. Give a(6).
-2
Let g(o) = -o**2 - 29*o - 107. What is g(-25)?
-7
Let x(g) = 2*g - 14. What is x(0)?
-14
Let l(u) = -u**3 - 14*u**2 - 18. Determine l(-14).
-18
Let k(b) = b - 14. Give k(6).
-8
Let z(w) = w + 6. What is z(-12)?
-6
Let a(s) = -s - 37. Give a(0).
-37
Let i(z) = 4*z + 96. What is i(-30)?
-24
Let o(y) = -2*y. What is o(3)?
-6
Let d(j) = j**2 - 5*j - 21. Give d(7).
-7
Let b(s) = s**3 + 9*s**2 + 15*s + 6. Determine b(-7).
-1
Let g(u) = -2*u**2 + 61*u + 480. What is g(37)?
-1
Let j(f) = -11*f - 98. What is j(-10)?
12
Let f(l) = l**3 + 5*l**2 - 2*l + 39. Calculate f(-6).
15
Let n(b) = b**2 - 5*b - 2. Determine n(5).
-2
Let m(c) = c**3 + 6*c**2 - 3*c + 3. What is m(-6)?
21
Let g(t) = -t**2 + 5*t - 4. Calculate g(4).
0
Let z(n) = -4*n + 4. What is z(3)?
-8
Let t(j) = j - 2. Determine t(19).
17
Let d(k) = 23*k + 349. Give d(-15).
4
Let w(t) = 8*t + 4. Calculate w(0).
4
Let d(p) = 2*p**2 + 17*p + 63. Calculate d(-11).
118
Let k(d) = 4*d + 4. Give k(-1).
0
Let k(d) = d**3 - 6*d**2 + 5*d - 4. What is k(6)?
26
Let x(b) = b**2 - 5*b + 6. Determine x(4).
2
Let c(b) = b**3 + 4*b**2 - 4. Determine c(-3).
5
Let y(h) = 4*h**2 + 121. Calculate y(0).
121
Let l(m) = 12*m - 2. Give l(-4).
-50
Let o(d) = -d**2 + 11*d + 17. Determine o(9).
35
Let s(w) = 31*w - 13. What is s(3)?
80
Let y(s) = s**2 + 9*s - 2. Give y(-8).
-10
Let p(k) = -4*k + 92. Determine p(29).
-24
Let s(i) = 12*i**2 + 84*i - 11. What is s(-7)?
-11
Let m(g) = -g**3 + g**2 + 10*g + 4. Determine m(4).
-4
Let m(s) = -4*s**3 + s**2. Give m(-1).
5
Let w(y) = y**2 + y - 2. Determine w(-4).
10
Let g(c) = c**3 - 3*c**2 + 2. What is g(3)?
2
Let q(f) = -f**3 - 8*f**2 + 9*f + 17. Give q(-9).
17
Let o(m) = -5*m + 16. Calculate o(4).
-4
Let n(o) = o**3 - 11*o**2 + 2*o - 26. What is n(11)?
-4
Let t(u) = -4*u + 18. Determine t(-14).
74
Let i(d) = -2*d**3 - 20*d**2 - d - 9. What is i(-10)?
1
Let v(y) = -3*y**2 + y + 1. Give v(-1).
-3
Let u(q) = q**3 - 11*q**2 - 18*q + 11. What is u(12)?
-61
Let n(q) = -q**2 - 6*q + 1. Calculate n(-3).
10
Let t(v) = 2*v + 7. Give t(-4).
-1
Let j(v) = -v**3 + 3*v**2 - v + 2. What is j(3)?
-1
Let i(p) = -9*p + 131. What is i(16)?
-13
Let h(z) = -z**3 + 4*z**2 + 3*z + 10. What is h(5)?
0
Let g(f) = 5*f**2 - 12*f - 41. Determine g(-3).
40
Let s(n) = -11*n**2 - n + 2. What is s(1)?
-10
Let p(t) = -t**2 - 17*t - 45. Calculate p(-14).
-3
Let m(u) = -u**3 + u**2 + 4*u - 4. Give m(-2).
0
Let h(v) = 23*v**3 + 2*v + 1. What is h(-1)?
-24
Let s(c) = -c**2 - 2*c + 1. Calculate s(2).
-7
Let t(h) = 2*h**2 + 11*h + 15. What is t(-5)?
10
Let r(z) = z**2 - 17*z - 6. Give r(17).
-6
Let q(x) = -x**2 + 21*x + 30. Give q(22).
8
Let h(a) = a**2 - 20*a + 41. What is h(10)?
-59
Let h(t) = -t**3 - 5*t**2 + 12*t + 5. Determine h(-5).
-55
Let z(d) = -3*d - 14. Calculate z(-2).
-8
Let q(k) = k**3 - 16*k**2 + 64*k - 5. Give q(7).
2
Let x(y) = y**3 + 21*y**2 + 67*y - 24. Calculate x(-17).
-7
Let m(b) = 8*b + 18. Give m(-3).
-6
Let j(b) = -b**2 - 12*b - 10. Calculate j(-9).
17
Let u(r) = -2*r**2 - 8*r - 1. Calculate u(-5).
-11
Let h(n) = 17*n + 29. Determine h(9).
182
Let w(q) = q**2 - 12*q + 11. Calculate w(6).
-25
Let d(a) = 21*a - 13. Calculate d(1).
8
Let l(z) = -z**3 + z**2 - 14. Give l(0).
-14
Let s(t) = -t**2 + 12*t + 9. Calculate s(13).
-4
Let z(m) = -2*m**2 - 6*m + 11. What is z(-4)?
3
Let q(d) = d**3 + 50*d**2 + 44*d - 246. Calculate q(-49).
-1
Let z(m) = -m**3 + 4*m**2 - 6. Give z(2).
2
Let s(h) = -h**3 - 20*h**2 + h + 50. Calculate s(-20).
30
Let q(i) = -7*i + 29. Determine q(-9).
92
Let o(r) = 2*r - 10. Give o(7).
4
Let x(y) = y**3 - 4*y**2 + 5*y - 2. Calculate x(1).
0
Let l(h) = -h**3 - 5*h**2 + 7*h + 5. What is l(-6)?
-1
Let n(q) = q**3 + 2*q**2 + q - 20. What is n(0)?
-20
Let i(t) = 74*t + 7. Calculate i(1).
81
Let t(d) = -3*d + 34. Give t(-13).
73
Let n(v) = -10*v**3 + 3*v**2 - v - 4. Calculate n(-1).
10
Let s(j) = -7*j**3 - 2*j**2 + j - 2. Calculate s(2).
-64
Let v(h) = h**2 - 5*h + 3. Give v(3).
-3
Let a(i) = 4*i**2 + 9*i - 3. Give a(-2).
-5
Let a(i) = -2*i**2 - 45*i + 6. Calculate a(-24).
-66
Let l(w) = w**2 - 15*w + 30. What is l(12)?
-6
Let j(g) = g + 10. Give j(0).
10
Let u(o) = -2*o**2 - 8*o + 2. Calculate u(-6).
-22
Let x(n) = n**2 + 3*n - 5. Give x(0).
-5
Let a(z) = 5*z - 128. Give a(22).
-18
Let n(l) = 9*l - 343. Calculate n(38).
-1
Let p(m) = 2*m**2 + 3*m - 1. Calculate p(3).
26
Let n(f) = f**2 + 17*f + 72. Calculate n(-9).
0
Let o(k) = k**3 - 7*k**2 - 6*k + 3. Give o(8).
19
Let f(v) = v**2 - 20*v + 70. Determine f(6).
-14
Let c(d) = -2*d**2 + 21*d - 58. What is c(4)?
-6
Let f(t) = t**3 + 18*t**2 + 5*t - 16. What is f(-18)?
-106
Let z(s) = -s**3 - 11*s**2 - 32*s - 226. Determine z(-10).
-6
Let b(j) = j + 15. Determine b(-4).
11
Let u(v) = 2*v**3 + 4*v**2 + v - 2. What is u(-2)?
-4
Let c(t) = 7*t**2 - 30*t - 22. Determine c(5).
3
Let a(v) = -v**2 + 23*v - 132. What is a(13)?
-2
Let s(n) = -4*n**2 - 14*n - 2. What is s(-6)?
-62
Let j(h) = -h**3 + 5*h**2 - 2*h + 11. Give j(4).
19
Let l(i) = -i**3 - 5*i**2 + 6*i + 3. Determine l(-6).
3
Let h(w) = w**2 + 6*w + 2. Give h(-7).
9
Let w(d) = -d**2 + d - 2. Determine w(0).
-2
Let v(x) = -x**2 - 5*x - 7. Calculate v(-6).
-13
Let y(l) = l**3 - 10*l**2 + 13*l + 12. Give y(9).
48
Let z(x) = x**3 + 17*x**2 + 15*x - 16. Determine z(-16).
0
Let o(a) = -2*a**3 + 13*a**2 - 13*a - 11. Calculate o(5)